8
What is the greatest common factor of 85262 and 7832?
178
What is the highest common divisor of 226660 and 100?
20
Calculate the greatest common factor of 2104 and 110197.
263
What is the greatest common factor of 9 and 191712?
3
What is the greatest common divisor of 234 and 9108?
18
What is the greatest common divisor of 99734 and 1034?
94
Calculate the highest common divisor of 325496 and 1472.
184
Calculate the highest common divisor of 5882 and 2176.
34
Calculate the highest common factor of 117160 and 23735.
505
What is the greatest common divisor of 11 and 24197129?
11
Calculate the greatest common divisor of 620 and 1220.
20
What is the highest common divisor of 80282 and 44936?
274
Calculate the highest common divisor of 565930 and 34.
34
What is the highest common divisor of 8019 and 495?
99
Calculate the greatest common factor of 4908 and 2440912.
1636
What is the highest common factor of 54192 and 96?
48
What is the greatest common divisor of 11095 and 343?
7
Calculate the greatest common factor of 13728843 and 1037.
1037
What is the highest common factor of 365180 and 19?
19
Calculate the greatest common divisor of 24524 and 20.
4
What is the greatest common factor of 377441 and 3215?
643
What is the highest common divisor of 398 and 12965248?
398
What is the greatest common factor of 1395 and 61535?
155
Calculate the greatest common divisor of 144615 and 14415.
465
Calculate the greatest common divisor of 43460 and 98.
2
Calculate the highest common divisor of 1154 and 98.
2
What is the greatest common factor of 17456 and 1052?
4
Calculate the greatest common factor of 8942622 and 78.
78
Calculate the highest common divisor of 34775 and 39.
13
Calculate the greatest common factor of 19758 and 4450.
178
What is the greatest common divisor of 570 and 65?
5
Calculate the greatest common factor of 521605 and 5.
5
Calculate the greatest common factor of 30 and 766938.
6
Calculate the highest common divisor of 256283 and 2724.
227
What is the greatest common divisor of 32763 and 2613?
201
Calculate the greatest common factor of 2430 and 3301398.
486
Calculate the greatest common factor of 1541 and 1127.
23
What is the highest common divisor of 1411750 and 250?
250
Calculate the greatest common divisor of 2225613 and 39.
39
What is the greatest common divisor of 1134 and 129843?
567
What is the highest common divisor of 1038240 and 126?
126
Calculate the highest common divisor of 10402600 and 650.
650
What is the greatest common divisor of 1310928 and 496?
496
What is the highest common divisor of 92 and 540661?
23
Calculate the greatest common divisor of 279488 and 9856.
704
Calculate the highest common factor of 33903 and 27.
9
What is the greatest common factor of 77469 and 147?
147
What is the highest common factor of 7657 and 62?
31
Calculate the highest common factor of 5404 and 182.
14
Calculate the greatest common factor of 3178 and 1330.
14
Calculate the highest common divisor of 224 and 95168.
32
Calculate the greatest common divisor of 117 and 1359.
9
What is the highest common factor of 4713136 and 144?
16
Calculate the greatest common divisor of 1946 and 15358.
14
Calculate the greatest common factor of 22294 and 5254.
142
Calculate the highest common divisor of 2536 and 2472.
8
Calculate the highest common divisor of 130620 and 840.
420
Calculate the highest common divisor of 26395 and 20.
5
Calculate the highest common divisor of 372317 and 17.
17
What is the highest common divisor of 27648 and 1368?
72
What is the greatest common factor of 22557 and 80811?
219
Calculate the highest common factor of 494 and 25118.
38
Calculate the highest common divisor of 34496 and 1056.
352
What is the highest common divisor of 1702 and 6945011?
851
Calculate the greatest common divisor of 9130 and 6380.
110
What is the greatest common factor of 15403 and 2110?
211
Calculate the greatest common divisor of 1102499 and 3147.
1049
Calculate the highest common divisor of 2148368 and 191.
191
Calculate the greatest common divisor of 799 and 8977.
47
Calculate the highest common factor of 1 and 217003.
1
What is the greatest common divisor of 13940 and 2074?
34
Calculate the greatest common divisor of 6696 and 3072.
24
What is the greatest common divisor of 419957 and 69?
23
Calculate the highest common factor of 23110 and 290.
10
What is the highest common divisor of 6809 and 407?
11
What is the greatest common factor of 195 and 325?
65
Calculate the greatest common divisor of 352 and 17644.
44
What is the highest common factor of 80 and 83728?
16
What is the greatest common divisor of 152535 and 15?
15
Calculate the highest common divisor of 258 and 65919.
129
What is the highest common divisor of 845 and 55?
5
What is the highest common divisor of 2516 and 837199?
629
What is the highest common divisor of 6083 and 223333?
869
What is the greatest common divisor of 9170 and 210?
70
What is the greatest common factor of 3263440 and 1130?
1130
Calculate the highest common factor of 428461 and 22.
11
What is the greatest common factor of 11824 and 32?
16
Calculate the highest common factor of 263004 and 372.
372
Calculate the greatest common factor of 3250 and 7250.
250
Calculate the highest common divisor of 15453126 and 54.
54
What is the greatest common divisor of 372 and 1190648?
124
What is the greatest common divisor of 4136 and 16168?
376
Calculate the highest common factor of 5476 and 2812.
148
What is the highest common divisor of 14076 and 345?
69
What is the greatest common divisor of 76 and 5156?
4
What is the greatest common factor of 192224 and 24?
8
What is the highest common divisor of 130804 and 212?
212
What is the greatest common divisor of 165 and 2240?
5
Calculate the greatest common divisor of 2016 and 1024.
32
What is the greatest common factor of 2220 and 2740?
20
Calculate the highest common divisor of 580 and 24215.
145
Calculate the highest common divisor of 2977 and 3380.
13
Calculate the highest common divisor of 6768 and 680607.
423
Calculate the greatest common divisor of 42 and 2940.
42
Calculate the highest common factor of 1598 and 66928.
94
Calculate the highest common divisor of 4026 and 1344013.
671
Calculate the greatest common factor of 3456 and 17928.
216
What is the greatest common factor of 29 and 10459?
1
What is the greatest common divisor of 24773 and 14?
7
Calculate the highest common factor of 1378 and 4394.
26
What is the highest common factor of 3640 and 14404?
52
Calculate the highest common factor of 1054 and 204.
34
What is the greatest common factor of 53303 and 10872?
151
Calculate the highest common factor of 1016 and 116078.
254
Calculate the greatest common divisor of 94036 and 4.
4
What is the greatest common divisor of 1547 and 12733?
119
What is the greatest common factor of 170 and 4896?
34
What is the highest common divisor of 117853 and 3551?
67
What is the greatest common factor of 8828 and 172?
4
What is the greatest common factor of 203776 and 4378?
398
What is the highest common factor of 6226 and 9622?
566
Calculate the highest common factor of 46 and 816.
2
Calculate the highest common divisor of 224 and 30152.
8
Calculate the highest common divisor of 50296 and 80.
8
What is the highest common divisor of 3192 and 2014?
38
Calculate the highest common factor of 19560 and 150.
30
Calculate the greatest common factor of 403 and 35243.
13
What is the highest common divisor of 322 and 101591?
161
Calculate the greatest common divisor of 152 and 11381.
19
What is the greatest common factor of 202046 and 130?
26
What is the greatest common divisor of 6535790 and 10?
10
Calculate the highest common factor of 29457 and 27.
27
What is the highest common factor of 31032 and 108?
36
Calculate the highest common factor of 81070 and 2057.
121
Calculate the highest common divisor of 704 and 56078.
22
Calculate the highest common factor of 1235 and 1992055.
1235
Calculate the highest common factor of 98 and 94227.
49
Calculate the highest common factor of 66240 and 720.
720
Calculate the greatest common factor of 25134 and 258.
6
What is the highest common divisor of 2484 and 46736?
92
Calculate the highest common divisor of 859443 and 39.
39
Calculate the highest common factor of 41